 to base 5
4123
Convert 1110010101110 (base 2) to base 14.
2966
Convert -13123 (base 6) to base 5.
-30440
Convert 2217 (base 11) to base 14.
10ca
What is 2601 (base 12) in base 7?
15412
What is 251 (base 6) in base 7?
205
Convert -4457 (base 9) to base 8.
-6334
What is -2113004 (base 5) in base 8?
-105063
-1011010000111 (base 2) to base 9
-7817
What is 116636 (base 7) in base 5?
1142322
What is 266 (base 12) in base 4?
11232
-1001122100 (base 3) to base 13
-9672
Convert 41362 (base 11) to base 2.
1110101110100110
-212421 (base 5) to base 15
-2226
What is -1201213 (base 4) in base 15?
-1cb7
Convert 12731 (base 8) to base 12.
32a1
Convert -7666 (base 10) to base 3.
-101111221
What is 7d4 (base 15) in base 12?
103a
b23 (base 15) to base 2
100111001100
What is 11100100 (base 2) in base 8?
344
What is -233233 (base 4) in base 12?
-1927
Convert -20001 (base 3) to base 7.
-322
Convert -b97 (base 12) to base 2.
-11010100011
-225 (base 11) to base 15
-12e
What is 206 (base 14) in base 16?
18e
What is -2a3c (base 14) in base 6?
-54422
What is 104430 (base 5) in base 11?
28a0
What is -7467 (base 12) in base 16?
-31cf
What is -235 (base 9) in base 3?
-21012
Convert -224 (base 15) to base 6.
-2124
Convert -54749 (base 11) to base 4.
-103121011
What is -4401 (base 7) in base 16?
-621
Convert -1536 (base 12) to base 13.
-1197
-1100000110000 (base 2) to base 7
-24024
Convert 179a (base 14) to base 2.
1000010011100
Convert -233000 (base 5) to base 7.
-33532
What is -534 (base 13) in base 12?
-620
What is -2001323 (base 4) in base 3?
-102101222
-10e (base 16) to base 4
-10032
Convert 1010001100101011 (base 2) to base 6.
521215
-8885 (base 9) to base 2
-1100110011101
Convert 710 (base 9) to base 12.
400
182 (base 13) to base 12
1ab
Convert -10010100111 (base 2) to base 10.
-1191
What is -20111212 (base 3) in base 14?
-1a32
2651 (base 9) to base 12
119a
62b9 (base 15) to base 6
240350
-411a (base 13) to base 11
-6824
-380 (base 12) to base 4
-20100
Convert -307 (base 15) to base 4.
-22222
What is -237 (base 14) in base 13?
-27c
-10012 (base 3) to base 14
-62
Convert -774 (base 12) to base 9.
-1447
What is -20261 (base 7) in base 15?
-16e8
434 (base 13) to base 8
1317
What is -2136 (base 7) in base 13?
-468
-69936 (base 10) to base 15
-15ac6
What is -11220 (base 11) in base 2?
-11111101101100
Convert -2340 (base 6) to base 13.
-345
Convert -22042 (base 6) to base 5.
-44200
Convert -1b96 (base 14) to base 8.
-11650
51344 (base 8) to base 6
242124
What is 35363 (base 7) in base 2?
10001110010110
357 (base 8) to base 15
10e
Convert 13221 (base 6) to base 10.
2029
What is 22112 (base 4) in base 2?
1010010110
Convert -723 (base 14) to base 9.
-1828
What is -222002 (base 4) in base 7?
-10562
What is -431 (base 10) in base 5?
-3211
Convert 1688 (base 9) to base 8.
2417
11121221 (base 3) to base 6
23341
Convert 223 (base 10) to base 14.
11d
Convert 100212 (base 3) to base 12.
1a2
1166 (base 9) to base 13
51c
Convert -1204 (base 10) to base 7.
-3340
112012 (base 3) to base 6
1435
What is -272 (base 10) in base 12?
-1a8
Convert 34342 (base 10) to base 5.
2044332
Convert -e167 (base 15) to base 13.
-18865
What is 1152 (base 9) in base 16?
359
453 (base 11) to base 5
4132
f (base 16) to base 11
14
Convert -10122222 (base 3) to base 11.
-200a
Convert 102222 (base 4) to base 16.
4aa
Convert -938 (base 10) to base 13.
-572
What is -1012002122 (base 3) in base 7?
-125135
Convert -1056 (base 10) to base 9.
-1403
Convert -24157 (base 9) to base 11.
-11171
Convert -1007 (base 9) to base 3.
-1000021
44330 (base 5) to base 3
11020110
What is -1000001100001000 (base 2) in base 3?
-1201000101
What is -152262 (base 7) in base 15?
-8bb0
Convert 412 (base 11) to base 2.
111110001
What is -10006 (base 8) in base 10?
-4102
What is -2310 (base 5) in base 6?
-1310
Convert 2030121 (base 4) to base 16.
2319
What is -5103 (base 6) in base 8?
-2137
What is -1121021200 (base 3) in base 13?
-11493
What is ed9 (base 16) in base 5?
110201
What is -438 (base 11) in base 8?
-1015
34333 (base 7) to base 5
234441
Convert -2446 (base 15) to base 13.
-3687
Convert 4979 (base 15) to base 3.
210110020
What is 123436 (base 7) in base 6?
253501
496 (base 10) to base 5
3441
Convert 21003 (base 4) to base 15.
289
Convert 44032 (base 5) to base 14.
1157
Convert -1022 (base 8) to base 11.
-442
Convert 214b (base 12) to base 6.
24535
What is -6ee7 (base 16) in base 12?
-1451b
-1d6 (base 16) to base 2
-111010110
What is 11110000101100 (base 2) in base 15?
486e
Convert 32644 (base 7) to base 3.
102021021
6436 (base 10) to base 9
8741
10425 (base 10) to base 14
3b29
What is 44323 (base 7) in base 6?
123324
What is 169a9 (base 11) in base 14?
8987
805 (base 11) to base 4
33031
2413 (base 10) to base 11
18a4
Convert 2c5 (base 13) to base 12.
357
-101012 (base 7) to base 4
-10030013
-410410 (base 5) to base 6
-141130
-10130 (base 6) to base 4
-111012
Convert -101010022 (base 3) to base 7.
-30341
Convert 2200221221 (base 3) to base 8.
147704
Convert 124 (base 9) to base 4.
1213
What is -8b2 (base 13) in base 15?
-69c
Convert 204 (base 5) to base 13.
42
What is 141 (base 12) in base 6?
521
What is 400243 (base 5) in base 6?
134113
-232 (base 7) to base 12
-a1
-100011101110 (base 2) to base 16
-8ee
Convert 1a9 (base 14) to base 12.
249
-100101100 (base 3) to base 14
-26c8
Convert -2574 (base 14) to base 4.
-1212222
What is -14a5 (base 15) in base 10?
-4430
-1342 (base 6) to base 15
-185
Convert 1220002 (base 3) to base 9.
1802
What is 12033 (base 4) in base 14?
207
-4434 (base 7) to base 6
-11213
What is 2224 (base 12) in base 2?
111010111100
What is -6678 (base 14) in base 5?
-1031441
Convert -2add (base 16) to base 15.
-33b8
-5607 (base 8) to base 5
-43301
What is -10300301 (base 4) in base 15?
-5ba5
-13203220 (base 4) to base 7
-156145
Convert -1123 (base 9) to base 16.
-33f
Convert 22a34 (base 11) to base 6.
413355
What is -1d52 (base 14) in base 6?
-40500
What is 47d (base 14) in base 12?
627
Convert -157 (base 8) to base 11.
-a1
What is -137 (base 14) in base 11?
-203
Convert 10341 (base 6) to base 5.
21204
468a2 (base 11) to base 15
1508a
What is -b29 (base 16) in base 14?
-1081
What is 437 (base 11) in base 15?
24e
82 (base 15) to base 2
1111010
-1110011010 (base 2) to base 15
-417
7a6 (base 14) to base 10
1518
What is -1648 (base 9) in base 3?
-1201122
What is 501 (base 12) in base 6?
3201
What is -443a3 (base 11) in base 3?
-10021021212
What is -332313 (base 4) in base 3?
-12112000
What is 3231 (base 7) in base 15?
519
Convert -60 (base 13) to base 2.
-1001110
What is 101000111 (base 2) in base 12?
233
1b7 (base 15) to base 2
110001101
676 (base 8) to base 16
1be
What is -14155 (base 6) in base 3?
-10001122
-126223 (base 7) to base 5
-1230112
What is 35243 (base 6) in base 16?
13cb
Convert 295 (base 10) to base 3.
101221
What is -10302 (base 5) in base 11?
-589
Convert 5948 (base 15) to base 13.
8831
1451 (base 9) to base 5
13344
-132777 (base 8) to base 4
-23113333
-25766 (base 11) to base 7
-212311
-20404 (base 5) to base 8
-2512
What is -10000101010 (base 2) in base 6?
-4534
What is 103242 (base 5) in base 13?
181a
What is 2448 (base 10) in base 12?
1500
-6224 (base 10) to base 7
-24101
-204c (base 15) to base 16
-1aa6
What is 33211321 (base 4) in base 5?
4020430
Convert -1124 (base 11) to base 10.
-1478
What is -2314 (base 7) in base 10?
-844
What is -31333 (base 6) in base 16?
-1089
What is -7e (base 15) in base 5?
-434
What is -111002021 (base 3) in base 4?
-2111002
1000100110110 (base 2) to base 10
4406
What is -120121 (base 3) in base 12?
-2b1
Convert -37d (base 16) to base 9.
-1202
Convert 840 (base 10) to base 8.
1510
Convert -20005 (base 13) to base 4.
-31330213
Convert -554c (base 13) to base 2.
-10111001110110
Convert 31232 (base 12) to base 7.
355232
What is 101000101 (base 2) in base 8?
505
Convert 21401 (base 5) to base 13.
897
1636 (base 15) to base 9
6486
What is 10384 (base 9) in base 15?
208a
123330 (base 4) to base 2
11011111100
What is 1010100110010001 (base 2) in base 11?
2a683
Convert 1010011010111 (base 2) to base 9.
7277
What is 1001000110 (base 2) in base 6?
2410
-23233 (base 5) to base 4
-122131
What is -a8d9 (base 14) in base 10?
-29199
Convert 130220 (base 6) to base 4.
2313210
Wh